{"id":1025,"date":"2022-05-20T19:12:40","date_gmt":"2022-05-20T16:12:40","guid":{"rendered":"https:\/\/seaembu.org.br\/?page_id=1025"},"modified":"2022-06-03T22:17:11","modified_gmt":"2022-06-03T19:17:11","slug":"plantando-jardins-filtrantes","status":"publish","type":"page","link":"https:\/\/seae-embu.org\/org.br\/plantando-jardins-filtrantes\/","title":{"rendered":"Projeto Plantando Jardins Filtrantes"},"content":{"rendered":"\t\t<div data-elementor-type=\"wp-page\" data-elementor-id=\"1025\" class=\"elementor elementor-1025\">\n\t\t\t\t\t\t<section class=\"elementor-section elementor-inner-section elementor-element elementor-element-7f63dae7 elementor-section-boxed elementor-section-height-default elementor-section-height-default\" data-id=\"7f63dae7\" data-element_type=\"section\" data-e-type=\"section\">\n\t\t\t\t\t\t<div class=\"elementor-container elementor-column-gap-default\">\n\t\t\t\t\t<div class=\"elementor-column elementor-col-50 elementor-inner-column elementor-element elementor-element-63847406\" data-id=\"63847406\" data-element_type=\"column\" data-e-type=\"column\" data-settings=\"{&quot;background_background&quot;:&quot;gradient&quot;}\">\n\t\t\t<div class=\"elementor-widget-wrap elementor-element-populated\">\n\t\t\t\t\t\t<div class=\"elementor-element elementor-element-7a5fe623 elementor-widget elementor-widget-heading\" data-id=\"7a5fe623\" data-element_type=\"widget\" data-e-type=\"widget\" data-widget_type=\"heading.default\">\n\t\t\t\t<div class=\"elementor-widget-container\">\n\t\t\t\t\t<h2 class=\"elementor-heading-title elementor-size-default\">Plantando jardins filtrantes<\/h2>\t\t\t\t<\/div>\n\t\t\t\t<\/div>\n\t\t\t\t<div class=\"elementor-element elementor-element-c6c57b1 elementor-widget elementor-widget-text-editor\" data-id=\"c6c57b1\" data-element_type=\"widget\" data-e-type=\"widget\" data-widget_type=\"text-editor.default\">\n\t\t\t\t<div class=\"elementor-widget-container\">\n\t\t\t\t\t\t\t\t\t<p>O projeto foi criado para difundir a tecnologia dos Jardins filtrantes, que consiste no tratamento de esgoto, com foco em solu\u00e7\u00f5es baseadas na natureza e baixo custo, onde essa tecnologia, tamb\u00e9m chamada de wetlands constru\u00eddos, e na permacultura de zonas de ra\u00edzes, realizam a filtra\u00e7\u00e3o do esgoto por plantas.\u00a0<\/p>\t\t\t\t\t\t\t\t<\/div>\n\t\t\t\t<\/div>\n\t\t\t\t<div class=\"elementor-element elementor-element-dc7fb68 elementor-widget elementor-widget-text-editor\" data-id=\"dc7fb68\" data-element_type=\"widget\" data-e-type=\"widget\" data-widget_type=\"text-editor.default\">\n\t\t\t\t<div class=\"elementor-widget-container\">\n\t\t\t\t\t\t\t\t\t<p>O projeto foi criado para difundir a tecnologia dos Jardins filtrantes, que consiste no tratamento de esgoto, com foco em solu\u00e7\u00f5es baseadas na natureza e baixo custo, onde essa tecnologia, tamb\u00e9m chamada de wetlands constru\u00eddos, e na permacultura de zonas de ra\u00edzes, realizam a filtra\u00e7\u00e3o do esgoto por plantas.&nbsp;<\/p>\t\t\t\t\t\t\t\t<\/div>\n\t\t\t\t<\/div>\n\t\t\t\t\t<\/div>\n\t\t<\/div>\n\t\t\t\t<div class=\"elementor-column elementor-col-50 elementor-inner-column elementor-element elementor-element-11fe5950\" data-id=\"11fe5950\" data-element_type=\"column\" data-e-type=\"column\" data-settings=\"{&quot;background_background&quot;:&quot;classic&quot;}\">\n\t\t\t<div class=\"elementor-widget-wrap elementor-element-populated\">\n\t\t\t\t\t<div class=\"elementor-background-overlay\"><\/div>\n\t\t\t\t\t\t<div class=\"elementor-element elementor-element-5aeb7e2f elementor-widget elementor-widget-image\" data-id=\"5aeb7e2f\" data-element_type=\"widget\" data-e-type=\"widget\" data-widget_type=\"image.default\">\n\t\t\t\t<div class=\"elementor-widget-container\">\n\t\t\t\t\t\t\t\t\t\t\t\t\t\t\t<img fetchpriority=\"high\" decoding=\"async\" width=\"1280\" height=\"720\" src=\"https:\/\/seae-embu.org\/org.br\/wp-content\/uploads\/2022\/05\/img-quem-somos-seaembu.jpg\" class=\"attachment-full size-full wp-image-582\" alt=\"\" srcset=\"https:\/\/seae-embu.org\/org.br\/wp-content\/uploads\/2022\/05\/img-quem-somos-seaembu.jpg 1280w, https:\/\/seae-embu.org\/org.br\/wp-content\/uploads\/2022\/05\/img-quem-somos-seaembu-300x169.jpg 300w, https:\/\/seae-embu.org\/org.br\/wp-content\/uploads\/2022\/05\/img-quem-somos-seaembu-1024x576.jpg 1024w, https:\/\/seae-embu.org\/org.br\/wp-content\/uploads\/2022\/05\/img-quem-somos-seaembu-768x432.jpg 768w\" sizes=\"(max-width: 1280px) 100vw, 1280px\" \/>\t\t\t\t\t\t\t\t\t\t\t\t\t\t\t<\/div>\n\t\t\t\t<\/div>\n\t\t\t\t\t<\/div>\n\t\t<\/div>\n\t\t\t\t\t<\/div>\n\t\t<\/section>\n\t\t\t\t<section class=\"elementor-section elementor-top-section elementor-element elementor-element-17f0c1b elementor-section-boxed elementor-section-height-default elementor-section-height-default\" data-id=\"17f0c1b\" data-element_type=\"section\" data-e-type=\"section\">\n\t\t\t\t\t\t<div class=\"elementor-container elementor-column-gap-default\">\n\t\t\t\t\t<div class=\"elementor-column elementor-col-100 elementor-top-column elementor-element elementor-element-b960d3b\" data-id=\"b960d3b\" data-element_type=\"column\" data-e-type=\"column\">\n\t\t\t<div class=\"elementor-widget-wrap elementor-element-populated\">\n\t\t\t\t\t\t<div class=\"elementor-element elementor-element-de5bacf elementor-widget elementor-widget-text-editor\" data-id=\"de5bacf\" data-element_type=\"widget\" data-e-type=\"widget\" data-widget_type=\"text-editor.default\">\n\t\t\t\t<div class=\"elementor-widget-container\">\n\t\t\t\t\t\t\t\t\t<p>O bairro do Caputera, pr\u00f3ximo as cidades de Embu das Artes, Cotia e Itapecerica da Serra, possui muitos rios e nascentes, mas alguns deles tem sido contaminados com esgoto, trazendo doen\u00e7as as nossas fam\u00edlias. O tratamento do esgoto das casas significam sa\u00fade, dignidade e bem estar. Durante o processo, iremos conscientizar os moradores que n\u00e3o tem coleta de esgoto, mostrar meios de como podem contribuir para a preserva\u00e7\u00e3o, o cuidado das \u00e1guas e nascentes, a import\u00e2ncia do tratamento correto e trein\u00e1-los na implanta\u00e7\u00e3o do sistema<\/p>\t\t\t\t\t\t\t\t<\/div>\n\t\t\t\t<\/div>\n\t\t\t\t\t<\/div>\n\t\t<\/div>\n\t\t\t\t\t<\/div>\n\t\t<\/section>\n\t\t\t\t<section class=\"elementor-section elementor-top-section elementor-element elementor-element-c769643 elementor-section-boxed elementor-section-height-default elementor-section-height-default\" data-id=\"c769643\" data-element_type=\"section\" data-e-type=\"section\" data-settings=\"{&quot;background_background&quot;:&quot;gradient&quot;}\">\n\t\t\t\t\t\t<div class=\"elementor-container elementor-column-gap-default\">\n\t\t\t\t\t<div class=\"elementor-column elementor-col-50 elementor-top-column elementor-element elementor-element-350f614\" data-id=\"350f614\" data-element_type=\"column\" data-e-type=\"column\" data-settings=\"{&quot;background_background&quot;:&quot;classic&quot;}\">\n\t\t\t<div class=\"elementor-widget-wrap elementor-element-populated\">\n\t\t\t\t\t\t<div class=\"elementor-element elementor-element-3807c1e elementor-widget elementor-widget-heading\" data-id=\"3807c1e\" data-element_type=\"widget\" data-e-type=\"widget\" data-widget_type=\"heading.default\">\n\t\t\t\t<div class=\"elementor-widget-container\">\n\t\t\t\t\t<h4 class=\"elementor-heading-title elementor-size-default\">Alinhado aos Objetivos de Desenvolvimento Sustent\u00e1vel (ODS)<\/h4>\t\t\t\t<\/div>\n\t\t\t\t<\/div>\n\t\t\t\t\t<\/div>\n\t\t<\/div>\n\t\t\t\t<div class=\"elementor-column elementor-col-50 elementor-top-column elementor-element elementor-element-ccc10b9\" data-id=\"ccc10b9\" data-element_type=\"column\" data-e-type=\"column\">\n\t\t\t<div class=\"elementor-widget-wrap elementor-element-populated\">\n\t\t\t\t\t\t<div class=\"elementor-element elementor-element-568affa elementor-widget elementor-widget-image\" data-id=\"568affa\" data-element_type=\"widget\" data-e-type=\"widget\" data-widget_type=\"image.default\">\n\t\t\t\t<div class=\"elementor-widget-container\">\n\t\t\t\t\t\t\t\t\t\t\t\t\t\t\t<img decoding=\"async\" width=\"604\" height=\"116\" src=\"https:\/\/seae-embu.org\/org.br\/wp-content\/uploads\/2022\/05\/ods.jpg\" class=\"attachment-large size-large wp-image-1035\" alt=\"\" srcset=\"https:\/\/seae-embu.org\/org.br\/wp-content\/uploads\/2022\/05\/ods.jpg 824w, https:\/\/seae-embu.org\/org.br\/wp-content\/uploads\/2022\/05\/ods-300x58.jpg 300w, https:\/\/seae-embu.org\/org.br\/wp-content\/uploads\/2022\/05\/ods-768x147.jpg 768w\" sizes=\"(max-width: 604px) 100vw, 604px\" \/>\t\t\t\t\t\t\t\t\t\t\t\t\t\t\t<\/div>\n\t\t\t\t<\/div>\n\t\t\t\t\t<\/div>\n\t\t<\/div>\n\t\t\t\t\t<\/div>\n\t\t<\/section>\n\t\t\t\t<section class=\"elementor-section elementor-top-section elementor-element elementor-element-196f328 elementor-section-boxed elementor-section-height-default elementor-section-height-default\" data-id=\"196f328\" data-element_type=\"section\" data-e-type=\"section\">\n\t\t\t\t\t\t<div class=\"elementor-container elementor-column-gap-default\">\n\t\t\t\t\t<div class=\"elementor-column elementor-col-50 elementor-top-column elementor-element elementor-element-211f562\" data-id=\"211f562\" data-element_type=\"column\" data-e-type=\"column\">\n\t\t\t<div class=\"elementor-widget-wrap elementor-element-populated\">\n\t\t\t\t\t\t<div class=\"elementor-element elementor-element-2aee632 elementor-widget elementor-widget-image\" data-id=\"2aee632\" data-element_type=\"widget\" data-e-type=\"widget\" data-widget_type=\"image.default\">\n\t\t\t\t<div class=\"elementor-widget-container\">\n\t\t\t\t\t\t\t\t\t\t\t\t\t\t\t<img decoding=\"async\" width=\"232\" height=\"300\" src=\"https:\/\/seae-embu.org\/org.br\/wp-content\/uploads\/2022\/05\/cartilha-jardins-filtrantes-capa-232x300-1.jpg\" class=\"attachment-large size-large wp-image-1038\" alt=\"\" \/>\t\t\t\t\t\t\t\t\t\t\t\t\t\t\t<\/div>\n\t\t\t\t<\/div>\n\t\t\t\t\t<\/div>\n\t\t<\/div>\n\t\t\t\t<div class=\"elementor-column elementor-col-50 elementor-top-column elementor-element elementor-element-f7dd319\" data-id=\"f7dd319\" data-element_type=\"column\" data-e-type=\"column\">\n\t\t\t<div class=\"elementor-widget-wrap elementor-element-populated\">\n\t\t\t\t\t\t<div class=\"elementor-element elementor-element-da72bc9 elementor-widget elementor-widget-heading\" data-id=\"da72bc9\" data-element_type=\"widget\" data-e-type=\"widget\" data-widget_type=\"heading.default\">\n\t\t\t\t<div class=\"elementor-widget-container\">\n\t\t\t\t\t<h2 class=\"elementor-heading-title elementor-size-default\">Produto Final<\/h2>\t\t\t\t<\/div>\n\t\t\t\t<\/div>\n\t\t\t\t<div class=\"elementor-element elementor-element-866c3b5 elementor-widget elementor-widget-text-editor\" data-id=\"866c3b5\" data-element_type=\"widget\" data-e-type=\"widget\" data-widget_type=\"text-editor.default\">\n\t\t\t\t<div class=\"elementor-widget-container\">\n\t\t\t\t\t\t\t\t\t<p>O produto final do projeto do a \u201cCartilha de jardins filtrantes da SEAE\u201d, um guia pr\u00e1tico de implanta\u00e7\u00e3o de saneamento ecol\u00f3gico para residencias unifamiliares.<\/p><p>Ela tem distribui\u00e7\u00e3o eletr\u00f4nica gratuita e pode ser seguida mesmo por pessoas semi alfabetizadas, por utilizar linguagem simples e ilustra\u00e7\u00f5es em formato de historia em quadrinhos. Com as informa\u00e7\u00f5es essenciais de lista de materiais e passos a serem seguidos qualquer um pode constru\u00ed-lo, mesmo sem m\u00e3o de obra especializada.<\/p>\t\t\t\t\t\t\t\t<\/div>\n\t\t\t\t<\/div>\n\t\t\t\t<div class=\"elementor-element elementor-element-aadf4fe elementor-align-center elementor-widget elementor-widget-button\" data-id=\"aadf4fe\" data-element_type=\"widget\" data-e-type=\"widget\" data-widget_type=\"button.default\">\n\t\t\t\t<div class=\"elementor-widget-container\">\n\t\t\t\t\t\t\t\t\t<div class=\"elementor-button-wrapper\">\n\t\t\t\t\t<a class=\"elementor-button elementor-button-link elementor-size-sm\" href=\"#\">\n\t\t\t\t\t\t<span class=\"elementor-button-content-wrapper\">\n\t\t\t\t\t\t\t\t\t<span class=\"elementor-button-text\">O download pode ser feito aqui!<\/span>\n\t\t\t\t\t<\/span>\n\t\t\t\t\t<\/a>\n\t\t\t\t<\/div>\n\t\t\t\t\t\t\t\t<\/div>\n\t\t\t\t<\/div>\n\t\t\t\t\t<\/div>\n\t\t<\/div>\n\t\t\t\t\t<\/div>\n\t\t<\/section>\n\t\t\t\t<section class=\"elementor-section elementor-top-section elementor-element elementor-element-8350bc5 elementor-section-boxed elementor-section-height-default elementor-section-height-default\" data-id=\"8350bc5\" data-element_type=\"section\" data-e-type=\"section\">\n\t\t\t\t\t\t<div class=\"elementor-container elementor-column-gap-default\">\n\t\t\t\t\t<div class=\"elementor-column elementor-col-100 elementor-top-column elementor-element elementor-element-b5bbdfe\" data-id=\"b5bbdfe\" data-element_type=\"column\" data-e-type=\"column\">\n\t\t\t<div class=\"elementor-widget-wrap elementor-element-populated\">\n\t\t\t\t\t\t<div class=\"elementor-element elementor-element-0e6ffa7 elementor-widget elementor-widget-heading\" data-id=\"0e6ffa7\" data-element_type=\"widget\" data-e-type=\"widget\" data-widget_type=\"heading.default\">\n\t\t\t\t<div class=\"elementor-widget-container\">\n\t\t\t\t\t<h2 class=\"elementor-heading-title elementor-size-default\">Fotos<\/h2>\t\t\t\t<\/div>\n\t\t\t\t<\/div>\n\t\t\t\t\t<\/div>\n\t\t<\/div>\n\t\t\t\t\t<\/div>\n\t\t<\/section>\n\t\t\t\t<section class=\"elementor-section elementor-top-section elementor-element elementor-element-5d135b5 elementor-section-boxed elementor-section-height-default elementor-section-height-default\" data-id=\"5d135b5\" data-element_type=\"section\" data-e-type=\"section\">\n\t\t\t\t\t\t<div class=\"elementor-container elementor-column-gap-default\">\n\t\t\t\t\t<div class=\"elementor-column elementor-col-20 elementor-top-column elementor-element elementor-element-eb7b704\" data-id=\"eb7b704\" data-element_type=\"column\" data-e-type=\"column\">\n\t\t\t<div class=\"elementor-widget-wrap elementor-element-populated\">\n\t\t\t\t\t\t<div class=\"elementor-element elementor-element-6dcddc4 elementor-widget elementor-widget-image\" data-id=\"6dcddc4\" data-element_type=\"widget\" data-e-type=\"widget\" data-widget_type=\"image.default\">\n\t\t\t\t<div class=\"elementor-widget-container\">\n\t\t\t\t\t\t\t\t\t\t\t\t<figure class=\"wp-caption\">\n\t\t\t\t\t\t\t\t\t\t<img loading=\"lazy\" decoding=\"async\" width=\"300\" height=\"225\" src=\"https:\/\/seae-embu.org\/org.br\/wp-content\/uploads\/2022\/05\/IMG_20181215_181025153-300x225.jpg\" class=\"attachment-medium size-medium wp-image-1046\" alt=\"\" srcset=\"https:\/\/seae-embu.org\/org.br\/wp-content\/uploads\/2022\/05\/IMG_20181215_181025153-300x225.jpg 300w, https:\/\/seae-embu.org\/org.br\/wp-content\/uploads\/2022\/05\/IMG_20181215_181025153-1024x768.jpg 1024w, https:\/\/seae-embu.org\/org.br\/wp-content\/uploads\/2022\/05\/IMG_20181215_181025153-768x576.jpg 768w, https:\/\/seae-embu.org\/org.br\/wp-content\/uploads\/2022\/05\/IMG_20181215_181025153-1536x1152.jpg 1536w, https:\/\/seae-embu.org\/org.br\/wp-content\/uploads\/2022\/05\/IMG_20181215_181025153-2048x1536.jpg 2048w\" sizes=\"(max-width: 300px) 100vw, 300px\" \/>\t\t\t\t\t\t\t\t\t\t\t<figcaption class=\"widget-image-caption wp-caption-text\">1\u00ba Curso de Capacita\u00e7\u00e3o<\/figcaption>\n\t\t\t\t\t\t\t\t\t\t<\/figure>\n\t\t\t\t\t\t\t\t\t<\/div>\n\t\t\t\t<\/div>\n\t\t\t\t\t<\/div>\n\t\t<\/div>\n\t\t\t\t<div class=\"elementor-column elementor-col-20 elementor-top-column elementor-element elementor-element-1a77534\" data-id=\"1a77534\" data-element_type=\"column\" data-e-type=\"column\">\n\t\t\t<div class=\"elementor-widget-wrap elementor-element-populated\">\n\t\t\t\t\t\t<div class=\"elementor-element elementor-element-6538e6b elementor-widget elementor-widget-image\" data-id=\"6538e6b\" data-element_type=\"widget\" data-e-type=\"widget\" data-widget_type=\"image.default\">\n\t\t\t\t<div class=\"elementor-widget-container\">\n\t\t\t\t\t\t\t\t\t\t\t\t<figure class=\"wp-caption\">\n\t\t\t\t\t\t\t\t\t\t<img loading=\"lazy\" decoding=\"async\" width=\"300\" height=\"199\" src=\"https:\/\/seae-embu.org\/org.br\/wp-content\/uploads\/2022\/05\/DSC_0399-300x199.jpg\" class=\"attachment-medium size-medium wp-image-1045\" alt=\"\" srcset=\"https:\/\/seae-embu.org\/org.br\/wp-content\/uploads\/2022\/05\/DSC_0399-300x199.jpg 300w, https:\/\/seae-embu.org\/org.br\/wp-content\/uploads\/2022\/05\/DSC_0399-768x509.jpg 768w, https:\/\/seae-embu.org\/org.br\/wp-content\/uploads\/2022\/05\/DSC_0399.jpg 986w\" sizes=\"(max-width: 300px) 100vw, 300px\" \/>\t\t\t\t\t\t\t\t\t\t\t<figcaption class=\"widget-image-caption wp-caption-text\">2\u00ba Curso de Capacita\u00e7\u00e3o<\/figcaption>\n\t\t\t\t\t\t\t\t\t\t<\/figure>\n\t\t\t\t\t\t\t\t\t<\/div>\n\t\t\t\t<\/div>\n\t\t\t\t\t<\/div>\n\t\t<\/div>\n\t\t\t\t<div class=\"elementor-column elementor-col-20 elementor-top-column elementor-element elementor-element-c83f7e1\" data-id=\"c83f7e1\" data-element_type=\"column\" data-e-type=\"column\">\n\t\t\t<div class=\"elementor-widget-wrap elementor-element-populated\">\n\t\t\t\t\t\t<div class=\"elementor-element elementor-element-525dc12 elementor-widget elementor-widget-image\" data-id=\"525dc12\" data-element_type=\"widget\" data-e-type=\"widget\" data-widget_type=\"image.default\">\n\t\t\t\t<div class=\"elementor-widget-container\">\n\t\t\t\t\t\t\t\t\t\t\t\t<figure class=\"wp-caption\">\n\t\t\t\t\t\t\t\t\t\t<img loading=\"lazy\" decoding=\"async\" width=\"300\" height=\"225\" src=\"https:\/\/seae-embu.org\/org.br\/wp-content\/uploads\/2022\/05\/IMG_20190330_114653358-300x225.jpg\" class=\"attachment-medium size-medium wp-image-1037\" alt=\"\" srcset=\"https:\/\/seae-embu.org\/org.br\/wp-content\/uploads\/2022\/05\/IMG_20190330_114653358-300x225.jpg 300w, https:\/\/seae-embu.org\/org.br\/wp-content\/uploads\/2022\/05\/IMG_20190330_114653358-1024x768.jpg 1024w, https:\/\/seae-embu.org\/org.br\/wp-content\/uploads\/2022\/05\/IMG_20190330_114653358-768x576.jpg 768w, https:\/\/seae-embu.org\/org.br\/wp-content\/uploads\/2022\/05\/IMG_20190330_114653358-1536x1152.jpg 1536w, https:\/\/seae-embu.org\/org.br\/wp-content\/uploads\/2022\/05\/IMG_20190330_114653358-2048x1536.jpg 2048w\" sizes=\"(max-width: 300px) 100vw, 300px\" \/>\t\t\t\t\t\t\t\t\t\t\t<figcaption class=\"widget-image-caption wp-caption-text\">3\u00ba Curso de Capacita\u00e7\u00e3o<\/figcaption>\n\t\t\t\t\t\t\t\t\t\t<\/figure>\n\t\t\t\t\t\t\t\t\t<\/div>\n\t\t\t\t<\/div>\n\t\t\t\t\t<\/div>\n\t\t<\/div>\n\t\t\t\t<div class=\"elementor-column elementor-col-20 elementor-top-column elementor-element elementor-element-53458b2\" data-id=\"53458b2\" data-element_type=\"column\" data-e-type=\"column\">\n\t\t\t<div class=\"elementor-widget-wrap elementor-element-populated\">\n\t\t\t\t\t\t<div class=\"elementor-element elementor-element-f7c9854 elementor-widget elementor-widget-image\" data-id=\"f7c9854\" data-element_type=\"widget\" data-e-type=\"widget\" data-widget_type=\"image.default\">\n\t\t\t\t<div class=\"elementor-widget-container\">\n\t\t\t\t\t\t\t\t\t\t\t\t<figure class=\"wp-caption\">\n\t\t\t\t\t\t\t\t\t\t<img loading=\"lazy\" decoding=\"async\" width=\"300\" height=\"225\" src=\"https:\/\/seae-embu.org\/org.br\/wp-content\/uploads\/2022\/05\/51531020_2091274297605690_6853802188393676800_o_2091274294272357-300x225.jpg\" class=\"attachment-medium size-medium wp-image-1049\" alt=\"\" srcset=\"https:\/\/seae-embu.org\/org.br\/wp-content\/uploads\/2022\/05\/51531020_2091274297605690_6853802188393676800_o_2091274294272357-300x225.jpg 300w, https:\/\/seae-embu.org\/org.br\/wp-content\/uploads\/2022\/05\/51531020_2091274297605690_6853802188393676800_o_2091274294272357-1024x768.jpg 1024w, https:\/\/seae-embu.org\/org.br\/wp-content\/uploads\/2022\/05\/51531020_2091274297605690_6853802188393676800_o_2091274294272357-768x576.jpg 768w, https:\/\/seae-embu.org\/org.br\/wp-content\/uploads\/2022\/05\/51531020_2091274297605690_6853802188393676800_o_2091274294272357.jpg 1040w\" sizes=\"(max-width: 300px) 100vw, 300px\" \/>\t\t\t\t\t\t\t\t\t\t\t<figcaption class=\"widget-image-caption wp-caption-text\">Palestra Introdu\u00e7\u00e3o ao Jardins Filtrantes na SEAE<\/figcaption>\n\t\t\t\t\t\t\t\t\t\t<\/figure>\n\t\t\t\t\t\t\t\t\t<\/div>\n\t\t\t\t<\/div>\n\t\t\t\t\t<\/div>\n\t\t<\/div>\n\t\t\t\t<div class=\"elementor-column elementor-col-20 elementor-top-column elementor-element elementor-element-0696181\" data-id=\"0696181\" data-element_type=\"column\" data-e-type=\"column\">\n\t\t\t<div class=\"elementor-widget-wrap elementor-element-populated\">\n\t\t\t\t\t\t<div class=\"elementor-element elementor-element-cfc3cf6 elementor-widget elementor-widget-image\" data-id=\"cfc3cf6\" data-element_type=\"widget\" data-e-type=\"widget\" data-widget_type=\"image.default\">\n\t\t\t\t<div class=\"elementor-widget-container\">\n\t\t\t\t\t\t\t\t\t\t\t\t<figure class=\"wp-caption\">\n\t\t\t\t\t\t\t\t\t\t<img loading=\"lazy\" decoding=\"async\" width=\"604\" height=\"453\" src=\"https:\/\/seae-embu.org\/org.br\/wp-content\/uploads\/2022\/05\/1a-visita.-2018-08-15-at-12.47.07-2-1024x768.jpeg\" class=\"attachment-large size-large wp-image-1048\" alt=\"\" srcset=\"https:\/\/seae-embu.org\/org.br\/wp-content\/uploads\/2022\/05\/1a-visita.-2018-08-15-at-12.47.07-2-1024x768.jpeg 1024w, https:\/\/seae-embu.org\/org.br\/wp-content\/uploads\/2022\/05\/1a-visita.-2018-08-15-at-12.47.07-2-300x225.jpeg 300w, https:\/\/seae-embu.org\/org.br\/wp-content\/uploads\/2022\/05\/1a-visita.-2018-08-15-at-12.47.07-2-768x576.jpeg 768w, https:\/\/seae-embu.org\/org.br\/wp-content\/uploads\/2022\/05\/1a-visita.-2018-08-15-at-12.47.07-2.jpeg 1280w\" sizes=\"(max-width: 604px) 100vw, 604px\" \/>\t\t\t\t\t\t\t\t\t\t\t<figcaption class=\"widget-image-caption wp-caption-text\">Levantamento de dados e diagn\u00f3stico<\/figcaption>\n\t\t\t\t\t\t\t\t\t\t<\/figure>\n\t\t\t\t\t\t\t\t\t<\/div>\n\t\t\t\t<\/div>\n\t\t\t\t\t<\/div>\n\t\t<\/div>\n\t\t\t\t\t<\/div>\n\t\t<\/section>\n\t\t\t\t<\/div>\n\t\t","protected":false},"excerpt":{"rendered":"<p>Plantando jardins filtrantes O projeto foi criado para difundir a tecnologia dos Jardins filtrantes, que consiste no tratamento de esgoto, com foco em solu\u00e7\u00f5es baseadas na natureza e baixo custo, onde essa<\/p>\n<a class=\"moretag noptoppad\" href=\"https:\/\/seae-embu.org\/org.br\/plantando-jardins-filtrantes\/\">Read More...<\/a>","protected":false},"author":1,"featured_media":0,"parent":0,"menu_order":0,"comment_status":"closed","ping_status":"closed","template":"","meta":{"_eb_attr":"","footnotes":""},"class_list":["post-1025","page","type-page","status-publish","hentry"],"_links":{"self":[{"href":"https:\/\/seae-embu.org\/org.br\/wp-json\/wp\/v2\/pages\/1025","targetHints":{"allow":["GET"]}}],"collection":[{"href":"https:\/\/seae-embu.org\/org.br\/wp-json\/wp\/v2\/pages"}],"about":[{"href":"https:\/\/seae-embu.org\/org.br\/wp-json\/wp\/v2\/types\/page"}],"author":[{"embeddable":true,"href":"https:\/\/seae-embu.org\/org.br\/wp-json\/wp\/v2\/users\/1"}],"replies":[{"embeddable":true,"href":"https:\/\/seae-embu.org\/org.br\/wp-json\/wp\/v2\/comments?post=1025"}],"version-history":[{"count":67,"href":"https:\/\/seae-embu.org\/org.br\/wp-json\/wp\/v2\/pages\/1025\/revisions"}],"predecessor-version":[{"id":1845,"href":"https:\/\/seae-embu.org\/org.br\/wp-json\/wp\/v2\/pages\/1025\/revisions\/1845"}],"wp:attachment":[{"href":"https:\/\/seae-embu.org\/org.br\/wp-json\/wp\/v2\/media?parent=1025"}],"curies":[{"name":"wp","href":"https:\/\/api.w.org\/{rel}","templated":true}]}}