{"id":9769,"date":"2020-01-23T14:21:26","date_gmt":"2020-01-23T14:21:26","guid":{"rendered":"https:\/\/seae-embu.org\/anterior\/seae\/?page_id=9769"},"modified":"2021-12-01T16:51:55","modified_gmt":"2021-12-01T16:51:55","slug":"clickseae","status":"publish","type":"page","link":"https:\/\/seae-embu.org\/anterior\/campanhas\/clickseae\/","title":{"rendered":"#CLICKSEAE"},"content":{"rendered":"<p>Ol\u00e1, Voc\u00ea mora em Embu das Artes e regi\u00e3o e tamb\u00e9m &#8220;clickou&#8221; um animalzinho por a\u00ed?<br \/>Mande pra gente e mostre para todos a rica diversidade da nossa regi\u00e3o!<\/p>\n<p>A campanha #CLICKSEAE tem intuito de trazer visibilidade para a biodiversidade da regi\u00e3o com a participa\u00e7\u00e3o da comunidade.<\/p>\n<p>Sua foto pode aparecer nas nossas redes sociais, participe voc\u00ea tamb\u00e9m!<\/p>\n<p><em><strong>Para participar \u00e9 f\u00e1cil!<br \/><\/strong><\/em><\/p>\n<p><em>Para sua imagem apare\u00e7a aqui, \u00e9 importante seguir os seguintes passos:\u00a0<\/em><em>Envie a foto de algum animal encontrado na cidade de Embu das Artes ou regi\u00e3o com seu nome completo, bairro, cidade, m\u00eas e ano do click para o e-mail: contato@seae-embu.org ou se preferir envie pelas redes sociais como Facebook (messenger) e Instagram\u00a0(direct).\u00a0\u00a0<\/em><\/p>\n<p>Para acompanhar todas as postagens \u00e9 simples, basta acessar sempre a <a href=\"https:\/\/seae-embu.org\/anterior\">p\u00e1gina inicial,<\/a>\u00a0e acompanhar a SEAE nas redes sociais a partir da Tag @seaembu no Facebook e Instagram, para n\u00e3o perder nenhuma postagem convidamos voc\u00ea para seguir a SEAE e compartilhar com todos seus amigos!<\/p>\n\n\n<p>+ Todas as postagens de 2020 confira <a href=\"https:\/\/seae-embu.org\/anterior\/clickseae\/\">AQUI<\/a> <\/p>\n\n\n\n<p>+ Todas as postagens de 2021 confira <a href=\"https:\/\/seae-embu.org\/anterior\/clickseae-2\/\" target=\"_blank\" rel=\"noreferrer noopener\">AQUI<\/a><\/p>\n\n\n\n<p><\/p>\n","protected":false},"excerpt":{"rendered":"<p>Ol\u00e1, Voc\u00ea mora em Embu das Artes e regi\u00e3o e tamb\u00e9m &#8220;clickou&#8221; um animalzinho por a\u00ed?Mande pra gente e mostre para todos a rica diversidade da nossa regi\u00e3o! A campanha #CLICKSEAE tem intuito de trazer visibilidade para a biodiversidade da regi\u00e3o com a participa\u00e7\u00e3o da comunidade. Sua foto pode aparecer nas nossas redes sociais, participe &hellip; <a href=\"https:\/\/seae-embu.org\/anterior\/campanhas\/clickseae\/\" class=\"more-link\">Continue reading <span class=\"screen-reader-text\">#CLICKSEAE<\/span><\/a><\/p>\n","protected":false},"author":1,"featured_media":0,"parent":9763,"menu_order":0,"comment_status":"closed","ping_status":"closed","template":"","meta":{"footnotes":""},"class_list":["post-9769","page","type-page","status-publish","hentry"],"_links":{"self":[{"href":"https:\/\/seae-embu.org\/anterior\/wp-json\/wp\/v2\/pages\/9769","targetHints":{"allow":["GET"]}}],"collection":[{"href":"https:\/\/seae-embu.org\/anterior\/wp-json\/wp\/v2\/pages"}],"about":[{"href":"https:\/\/seae-embu.org\/anterior\/wp-json\/wp\/v2\/types\/page"}],"author":[{"embeddable":true,"href":"https:\/\/seae-embu.org\/anterior\/wp-json\/wp\/v2\/users\/1"}],"replies":[{"embeddable":true,"href":"https:\/\/seae-embu.org\/anterior\/wp-json\/wp\/v2\/comments?post=9769"}],"version-history":[{"count":7,"href":"https:\/\/seae-embu.org\/anterior\/wp-json\/wp\/v2\/pages\/9769\/revisions"}],"predecessor-version":[{"id":12947,"href":"https:\/\/seae-embu.org\/anterior\/wp-json\/wp\/v2\/pages\/9769\/revisions\/12947"}],"up":[{"embeddable":true,"href":"https:\/\/seae-embu.org\/anterior\/wp-json\/wp\/v2\/pages\/9763"}],"wp:attachment":[{"href":"https:\/\/seae-embu.org\/anterior\/wp-json\/wp\/v2\/media?parent=9769"}],"curies":[{"name":"wp","href":"https:\/\/api.w.org\/{rel}","templated":true}]}}