{"id":8833,"date":"2015-05-31T14:01:14","date_gmt":"2015-05-31T14:01:14","guid":{"rendered":"https:\/\/seae-embu.org\/anterior\/seae\/?page_id=8833"},"modified":"2019-08-22T14:12:13","modified_gmt":"2019-08-22T14:12:13","slug":"robocid-aulas-de-robotica","status":"publish","type":"page","link":"https:\/\/seae-embu.org\/anterior\/projetos\/realizados\/robocid-aulas-de-robotica\/","title":{"rendered":"Projeto RoboCID &#8211; Aulas de Rob\u00f3tica"},"content":{"rendered":"\n<p>O projeto promove aulas gratuitas de rob\u00f3tica a&nbsp;jovens com idade de 11 e 17 anos. Durante as aulas eles entram em contato com a inform\u00e1tica, mec\u00e2nica, programa\u00e7\u00e3o&nbsp;e&nbsp;engenharia.<\/p>\n\n\n\n<!--more-->\n\n\n\n<p>Por meio do trabalho em equipe os jovens s\u00e3o &nbsp;estimulados a criarem e programarem rob\u00f4s que possam resolver situa\u00e7\u00f5es problema e&nbsp;t\u00eam oportunidade de desenvolver conceitos importantes para a vida, como o respeito ao meio ambiente, a \u00e9tica e a cidadania, al\u00e9m de terem a criatividade estimulada.<\/p>\n\n\n\n<div class=\"wp-block-image\"><figure class=\"alignright\"><img fetchpriority=\"high\" decoding=\"async\" width=\"300\" height=\"238\" src=\"https:\/\/seae-embu.org\/anterior\/seae\/wp-content\/uploads\/2015\/05\/robocid-trofeu-300x238.jpg\" alt=\"robocid-trofeu\" class=\"wp-image-2480\" srcset=\"https:\/\/seae-embu.org\/anterior\/wp-content\/uploads\/2015\/05\/robocid-trofeu-300x238.jpg 300w, https:\/\/seae-embu.org\/anterior\/wp-content\/uploads\/2015\/05\/robocid-trofeu.jpg 591w\" sizes=\"(max-width: 300px) 100vw, 300px\" \/><\/figure><\/div>\n\n\n\n<p>Ao participar desde 2010 dos torneios e Encontros promovidos pelos representantes da Lego no Brasil o Instituto Aprender Fazendo \u2013 IAF e a Zoom, os educandos do CID desenvolverem as atividades relacionadas aos temas propostos a cada ano e estes educandos constroem e programam rob\u00f4s para com base em estrat\u00e9gias e desenvolvimento de trabalho em equipe, realizar as miss\u00f5es.<br>Em 2012 a equipe de rob\u00f3tica do CID chamada ROBOCID, foi campe\u00e3 do torneio onde o tema era \u201ca crian\u00e7a segura\u201d levando o trof\u00e9u de 1\u00ba colocado no torneio de rob\u00f4s e de 2\u00ba lugar na anima\u00e7\u00e3o em stop motion.<\/p>\n\n\n\n<p>Neste sentido o PAPEL DOS EDUCADORES ser\u00e1:<\/p>\n\n\n\n<ul class=\"wp-block-list\"><li>Criar situa\u00e7\u00f5es que estimulem os educandos a pensar nas dificuldades que passam em suas casas, escolas e comunidades por falta de uma educa\u00e7\u00e3o de qualidade;<\/li><li>Ajudar os educandos a identificarem metodologias pedagogias supermodernas e diferenciadas de ensino, materiais e locais diferentes para aprender;<\/li><li>Criar, em conjunto com os jovens, novas maneiras de pesquisar, usando a tecnologia e&nbsp; com ferramentas modernas.<\/li><li>Buscar sempre os benef\u00edcios de uma nova forma de atua\u00e7\u00e3o educacional, uma que aproveita inteligentemente as novas tecnologias e os novos conceitos de aprendizagem.<\/li><\/ul>\n\n\n\n<p><strong>O que \u00e9 o CID Ambiental&nbsp;<\/strong><\/p>\n\n\n\n<p>Inaugurado em 19 de maio de 2007, o projeto CID Ambiental em Embu das Artes \u00e9 fruto de uma parceria entre a Funda\u00e7\u00e3o Bradesco a Mineradora de \u00c1gua Mineral Natural Embu (Fonte dos Jesu\u00edtas) e a SEAE &#8211; Sociedade Ecol\u00f3gica Amigos de Embu. No Projeto de inclus\u00e3o digital os participantes interagem diretamente com a tecnologia para assim, aprender suas principais propriedades e potencialidades, podendo colocar em pr\u00e1tica as in\u00fameras a\u00e7\u00f5es requeridas atualmente de qualquer cidad\u00e3o, j\u00e1 que o computador se tornou uma ferramenta indispens\u00e1vel tamb\u00e9m no lar, n\u00e3o apenas nas empresas.<\/p>\n\n\n\n<p>O Projeto CID Ambiental iniciou suas atividades atendendo a esta demanda por cursos de inform\u00e1tica b\u00e1sicos e avan\u00e7ados, hoje ele oferece tamb\u00e9m a oportunidade de jovens entre 9 e 17 anos o contato com a rob\u00f3tica educacional da Lego.<\/p>\n","protected":false},"excerpt":{"rendered":"<p>O projeto promove aulas gratuitas de rob\u00f3tica a&nbsp;jovens com idade de 11 e 17 anos. Durante as aulas eles entram em contato com a inform\u00e1tica, mec\u00e2nica, programa\u00e7\u00e3o&nbsp;e&nbsp;engenharia.<\/p>\n","protected":false},"author":1,"featured_media":8834,"parent":4393,"menu_order":0,"comment_status":"closed","ping_status":"closed","template":"","meta":{"footnotes":""},"class_list":["post-8833","page","type-page","status-publish","has-post-thumbnail","hentry"],"_links":{"self":[{"href":"https:\/\/seae-embu.org\/anterior\/wp-json\/wp\/v2\/pages\/8833","targetHints":{"allow":["GET"]}}],"collection":[{"href":"https:\/\/seae-embu.org\/anterior\/wp-json\/wp\/v2\/pages"}],"about":[{"href":"https:\/\/seae-embu.org\/anterior\/wp-json\/wp\/v2\/types\/page"}],"author":[{"embeddable":true,"href":"https:\/\/seae-embu.org\/anterior\/wp-json\/wp\/v2\/users\/1"}],"replies":[{"embeddable":true,"href":"https:\/\/seae-embu.org\/anterior\/wp-json\/wp\/v2\/comments?post=8833"}],"version-history":[{"count":2,"href":"https:\/\/seae-embu.org\/anterior\/wp-json\/wp\/v2\/pages\/8833\/revisions"}],"predecessor-version":[{"id":8838,"href":"https:\/\/seae-embu.org\/anterior\/wp-json\/wp\/v2\/pages\/8833\/revisions\/8838"}],"up":[{"embeddable":true,"href":"https:\/\/seae-embu.org\/anterior\/wp-json\/wp\/v2\/pages\/4393"}],"wp:featuredmedia":[{"embeddable":true,"href":"https:\/\/seae-embu.org\/anterior\/wp-json\/wp\/v2\/media\/8834"}],"wp:attachment":[{"href":"https:\/\/seae-embu.org\/anterior\/wp-json\/wp\/v2\/media?parent=8833"}],"curies":[{"name":"wp","href":"https:\/\/api.w.org\/{rel}","templated":true}]}}