{"id":5908,"date":"2017-07-11T13:02:21","date_gmt":"2017-07-11T13:02:21","guid":{"rendered":"https:\/\/seae-embu.org\/anterior\/seae\/?page_id=5908"},"modified":"2019-08-22T14:29:05","modified_gmt":"2019-08-22T14:29:05","slug":"projeto-sabado-ecomigo","status":"publish","type":"page","link":"https:\/\/seae-embu.org\/anterior\/projetos\/realizados\/projeto-sabado-ecomigo\/","title":{"rendered":"Projeto S\u00e1bado ECOmigo"},"content":{"rendered":"<div>O Projeto S\u00e1bado ECOmigo nasceu em 2017, com o prop\u00f3sito de levar atividades socioeducativas, a partir da educa\u00e7\u00e3o ambiental, para diversas comunidades da Grande S\u00e3o Paulo.<\/div>\n<div>Desde sua cria\u00e7\u00e3o, tem sido realizado em parceria entre Sociedade Ecol\u00f3gica Amigos de Embu (SEAE) e Diretoria de Ensino da Regi\u00e3o de Tabo\u00e3o da Serra, que abrange cerca de 80 escolas estaduais dos munic\u00edpios Embu das Artes e Tabo\u00e3o da Serra.<\/div>\n<div><\/div>\n<div>Todas as oficinas e palestras trazem no\u00e7\u00f5es de aplica\u00e7\u00e3o pr\u00e1tica para solu\u00e7\u00f5es do dia a dia em diversas \u00e1reas, como a agricultura org\u00e2nica urbana, ao abordar alimenta\u00e7\u00e3o saud\u00e1vel e&nbsp; jardinagem; e a \u00e1rea de res\u00edduos s\u00f3lidos, ao refor\u00e7ar conceitos e a\u00e7\u00f5es como a reciclagem, compostagem, minhoc\u00e1rio e aduba\u00e7\u00e3o.<\/div>\n<div><\/div>\n<div>O projeto trata tamb\u00e9m sobre o ciclo da \u00e1gua, ao apresentar m\u00e9todos para o aproveitamento da \u00e1gua de chuva, tratamento e potabilidade. Elencado a isso, destaca a import\u00e2ncia dos biomas da Mata Atl\u00e2ntica e Cerrado, a import\u00e2ncias das esp\u00e9cies nativas e formas de reflorestamento, bem como contextualiza os animais silvestres da Embu das Artes, animais em extin\u00e7\u00e3o e a intera\u00e7\u00e3o destes com homem.<\/div>\n<div><\/div>\n<div>Na pr\u00e1tica, S\u00e1bado ECOmigo proporciona di\u00e1logos sobre os problemas ambientais com alunos, professores e a popula\u00e7\u00e3o local, al\u00e9m de refor\u00e7ar os la\u00e7os entre pais e filhos e a natureza.<\/div>\n<div><\/div>\n<div>Interessados em se voluntariarem para o projeto podem entrar em contato com a ONG, no endere\u00e7o de e-mail: contato@seae-embu.org.\u200b<\/div>\n<div><img decoding=\"async\" class=\"size-thumbnail wp-image-5723 alignleft\" src=\"https:\/\/seae-embu.org\/anterior\/seae\/wp-content\/uploads\/2018\/05\/23550413_1527315760668216_7028681023539578257_o-150x150.jpg\" alt=\"\" width=\"150\" height=\"150\"> <img decoding=\"async\" class=\"size-thumbnail wp-image-5724 alignleft\" src=\"https:\/\/seae-embu.org\/anterior\/seae\/wp-content\/uploads\/2018\/05\/23456497_1527316067334852_7345458131401692349_o-150x150.jpg\" alt=\"\" width=\"150\" height=\"150\"> <img decoding=\"async\" class=\"size-thumbnail wp-image-5725 alignleft\" src=\"https:\/\/seae-embu.org\/anterior\/seae\/wp-content\/uploads\/2018\/05\/23467037_1527315794001546_7856095273396991954_o-150x150.jpg\" alt=\"\" width=\"150\" height=\"150\"> <img loading=\"lazy\" decoding=\"async\" class=\"size-thumbnail wp-image-5726 alignleft\" src=\"https:\/\/seae-embu.org\/anterior\/seae\/wp-content\/uploads\/2018\/05\/23467423_1527315960668196_466502258192210105_o-150x150.jpg\" alt=\"\" width=\"150\" height=\"150\"> <img loading=\"lazy\" decoding=\"async\" class=\"size-thumbnail wp-image-5727 alignleft\" src=\"https:\/\/seae-embu.org\/anterior\/seae\/wp-content\/uploads\/2018\/05\/23509065_1527315547334904_9074305004814051862_o-150x150.jpg\" alt=\"\" width=\"150\" height=\"150\"> <img loading=\"lazy\" decoding=\"async\" class=\"size-thumbnail wp-image-5728 alignleft\" src=\"https:\/\/seae-embu.org\/anterior\/seae\/wp-content\/uploads\/2018\/05\/19488769_1397375620328898_2704025096865276565_o-150x150.jpg\" alt=\"\" width=\"150\" height=\"150\"> <img loading=\"lazy\" decoding=\"async\" class=\"size-thumbnail wp-image-5729 alignleft\" src=\"https:\/\/seae-embu.org\/anterior\/seae\/wp-content\/uploads\/2018\/05\/19575299_1397376113662182_1894606492875733889_o-150x150.jpg\" alt=\"\" width=\"150\" height=\"150\"> <img loading=\"lazy\" decoding=\"async\" class=\"size-thumbnail wp-image-5730 alignleft\" src=\"https:\/\/seae-embu.org\/anterior\/seae\/wp-content\/uploads\/2018\/05\/19466452_1397376813662112_4400766463567385917_o-150x150.jpg\" alt=\"\" width=\"150\" height=\"150\"> <img loading=\"lazy\" decoding=\"async\" class=\"size-thumbnail wp-image-5731 alignleft\" src=\"https:\/\/seae-embu.org\/anterior\/seae\/wp-content\/uploads\/2018\/05\/21543729_1474491515950641_5766195843016385511_o-150x150.jpg\" alt=\"\" width=\"150\" height=\"150\"> <img loading=\"lazy\" decoding=\"async\" class=\"size-thumbnail wp-image-5732 alignleft\" src=\"https:\/\/seae-embu.org\/anterior\/seae\/wp-content\/uploads\/2018\/05\/21544154_1474487065951086_6534820115865985773_o-150x150.jpg\" alt=\"\" width=\"150\" height=\"150\"> <img loading=\"lazy\" decoding=\"async\" class=\"size-thumbnail wp-image-5733 alignleft\" src=\"https:\/\/seae-embu.org\/anterior\/seae\/wp-content\/uploads\/2018\/05\/21551667_1474491612617298_1087853176866470722_o-150x150.jpg\" alt=\"\" width=\"150\" height=\"150\"> <img loading=\"lazy\" decoding=\"async\" class=\"size-thumbnail wp-image-5734 alignleft\" src=\"https:\/\/seae-embu.org\/anterior\/seae\/wp-content\/uploads\/2018\/05\/21740774_1474487302617729_5457764146741168634_o-150x150.jpg\" alt=\"\" width=\"150\" height=\"150\"> <img loading=\"lazy\" decoding=\"async\" class=\"size-thumbnail wp-image-5735 alignleft\" src=\"https:\/\/seae-embu.org\/anterior\/seae\/wp-content\/uploads\/2018\/05\/21743243_1474485959284530_615607333169920204_n-150x150.jpg\" alt=\"\" width=\"150\" height=\"150\"> <img loading=\"lazy\" decoding=\"async\" class=\"size-thumbnail wp-image-5736 alignleft\" src=\"https:\/\/seae-embu.org\/anterior\/seae\/wp-content\/uploads\/2018\/05\/21752761_1474487315951061_5574750203945221812_o-150x150.jpg\" alt=\"\" width=\"150\" height=\"150\"><\/div>\n<div><img loading=\"lazy\" decoding=\"async\" class=\"size-thumbnail wp-image-5716 alignleft\" src=\"https:\/\/seae-embu.org\/anterior\/seae\/wp-content\/uploads\/2018\/05\/WhatsApp-Image-2018-05-13-at-14.14.24-150x150.jpeg\" alt=\"\" width=\"150\" height=\"150\"> <img loading=\"lazy\" decoding=\"async\" class=\"size-thumbnail wp-image-5717 alignleft\" src=\"https:\/\/seae-embu.org\/anterior\/seae\/wp-content\/uploads\/2018\/05\/32392166_1709711552428635_4720989925338513408_o-150x150.jpg\" alt=\"\" width=\"150\" height=\"150\"> <img loading=\"lazy\" decoding=\"async\" class=\"size-thumbnail wp-image-5718 alignleft\" src=\"https:\/\/seae-embu.org\/anterior\/seae\/wp-content\/uploads\/2018\/05\/32399381_1709741415758982_1994553713858969600_o-1-1-150x150.jpg\" alt=\"\" width=\"150\" height=\"150\"> <img loading=\"lazy\" decoding=\"async\" class=\"size-thumbnail wp-image-5719 alignleft\" src=\"https:\/\/seae-embu.org\/anterior\/seae\/wp-content\/uploads\/2018\/05\/32511928_1709735475759576_8518911784432697344_o-150x150.jpg\" alt=\"\" width=\"150\" height=\"150\"> <img loading=\"lazy\" decoding=\"async\" class=\"size-thumbnail wp-image-5720 alignleft\" src=\"https:\/\/seae-embu.org\/anterior\/seae\/wp-content\/uploads\/2018\/05\/32511971_1709713382428452_5831489780264730624_o-150x150.jpg\" alt=\"\" width=\"150\" height=\"150\"> <img loading=\"lazy\" decoding=\"async\" class=\"size-thumbnail wp-image-5721 alignleft\" src=\"https:\/\/seae-embu.org\/anterior\/seae\/wp-content\/uploads\/2018\/05\/WhatsApp-Image-2018-05-13-at-14.12.58-150x150.jpeg\" alt=\"\" width=\"150\" height=\"150\"> <img loading=\"lazy\" decoding=\"async\" class=\"size-thumbnail wp-image-5722 alignleft\" src=\"https:\/\/seae-embu.org\/anterior\/seae\/wp-content\/uploads\/2018\/05\/WhatsApp-Image-2018-05-13-at-14.13.59-150x150.jpeg\" alt=\"\" width=\"150\" height=\"150\"><\/div>\n","protected":false},"excerpt":{"rendered":"<p>O Projeto S\u00e1bado ECOmigo nasceu em 2017, com o prop\u00f3sito de levar atividades socioeducativas, a partir da educa\u00e7\u00e3o ambiental, para diversas comunidades da Grande S\u00e3o Paulo. Desde sua cria\u00e7\u00e3o, tem sido realizado em parceria entre Sociedade Ecol\u00f3gica Amigos de Embu (SEAE) e Diretoria de Ensino da Regi\u00e3o de Tabo\u00e3o da Serra, que abrange cerca de &hellip; <a href=\"https:\/\/seae-embu.org\/anterior\/projetos\/realizados\/projeto-sabado-ecomigo\/\" class=\"more-link\">Continue reading <span class=\"screen-reader-text\">Projeto S\u00e1bado ECOmigo<\/span><\/a><\/p>\n","protected":false},"author":1,"featured_media":8843,"parent":4393,"menu_order":0,"comment_status":"closed","ping_status":"closed","template":"","meta":{"footnotes":""},"class_list":["post-5908","page","type-page","status-publish","has-post-thumbnail","hentry"],"_links":{"self":[{"href":"https:\/\/seae-embu.org\/anterior\/wp-json\/wp\/v2\/pages\/5908","targetHints":{"allow":["GET"]}}],"collection":[{"href":"https:\/\/seae-embu.org\/anterior\/wp-json\/wp\/v2\/pages"}],"about":[{"href":"https:\/\/seae-embu.org\/anterior\/wp-json\/wp\/v2\/types\/page"}],"author":[{"embeddable":true,"href":"https:\/\/seae-embu.org\/anterior\/wp-json\/wp\/v2\/users\/1"}],"replies":[{"embeddable":true,"href":"https:\/\/seae-embu.org\/anterior\/wp-json\/wp\/v2\/comments?post=5908"}],"version-history":[{"count":2,"href":"https:\/\/seae-embu.org\/anterior\/wp-json\/wp\/v2\/pages\/5908\/revisions"}],"predecessor-version":[{"id":8844,"href":"https:\/\/seae-embu.org\/anterior\/wp-json\/wp\/v2\/pages\/5908\/revisions\/8844"}],"up":[{"embeddable":true,"href":"https:\/\/seae-embu.org\/anterior\/wp-json\/wp\/v2\/pages\/4393"}],"wp:featuredmedia":[{"embeddable":true,"href":"https:\/\/seae-embu.org\/anterior\/wp-json\/wp\/v2\/media\/8843"}],"wp:attachment":[{"href":"https:\/\/seae-embu.org\/anterior\/wp-json\/wp\/v2\/media?parent=5908"}],"curies":[{"name":"wp","href":"https:\/\/api.w.org\/{rel}","templated":true}]}}