{"id":2397,"date":"2015-05-28T19:19:35","date_gmt":"2015-05-28T19:19:35","guid":{"rendered":"https:\/\/seae-embu.org\/anterior\/seae\/?page_id=2397"},"modified":"2020-05-19T19:43:01","modified_gmt":"2020-05-19T19:43:01","slug":"apa-embu-verde","status":"publish","type":"page","link":"https:\/\/seae-embu.org\/anterior\/embu-das-artes\/apa-embu-verde\/","title":{"rendered":"APA Embu Verde"},"content":{"rendered":"<p align=\"justify\"><strong class=\"titulo\">O que \u00e9 uma APA?<\/strong><\/p>\n<p align=\"justify\">APA (\u00c1rea de Prote\u00e7\u00e3o Ambiental) \u00e9 uma \u00e1rea em geral extensa, com certo grau de ocupa\u00e7\u00e3o humana, dotada de atributos abi\u00f3ticos, bi\u00f3ticos, est\u00e9ticos ou culturais especialmente importantes para a qualidade de vida e o bem-estar da popula\u00e7\u00e3o humana.<\/p>\n<p align=\"justify\">Tem como objetivos b\u00e1sicos, proteger a diversidade biol\u00f3gica, disciplinar o processo de ocupa\u00e7\u00e3o e assegurar a sustentabilidade do uso dos recursos naturais.<\/p>\n<p>Pode ser estabelecida em \u00e1rea de dom\u00ednio p\u00fablico e\/ou privado, pela Uni\u00e3o, estados ou munic\u00edpios, n\u00e3o sendo necess\u00e1ria a desapropria\u00e7\u00e3o das terras. No entanto, as atividades e usos desenvolvidos est\u00e3o sujeitos a um disciplinamento espec\u00edfico.<\/p>\n<p>A \u00c1rea de Prote\u00e7\u00e3o Ambiental deve dispor de um Conselho presidido pelo \u00f3rg\u00e3o respons\u00e1vel por sua administra\u00e7\u00e3o e constitu\u00eddo por representantes dos \u00f3rg\u00e3os p\u00fablicos, de organiza\u00e7\u00f5es da sociedade civil e da popula\u00e7\u00e3o residente, conforme constar\u00a0no regulamento da Lei da APA. Dessa forma, a Lei da APA passa a regular o uso e ocupa\u00e7\u00e3o do solo daquela determinada regi\u00e3o.<\/p>\n<p>Fontes: <a href=\"http:\/\/www.ambientebrasil.com.br\/\">www.ambientebrasil.com.br<\/a> e <a href=\"http:\/\/pt.wikipedia.org\/\">http:\/\/pt.wikipedia.org<\/a><\/p>\n<p><strong>VEJA TAMB\u00c9M:<\/strong><\/p>\n<p><strong><a href=\"https:\/\/seaembu.wordpress.com\/embudasartes\/apaembuverde\/importancia\/\"><br \/><\/a><a href=\"https:\/\/seae-embu.org\/anterior\/seae\/wp-content\/uploads\/2015\/05\/importancia-transp-e1458440281935.png\" rel=\"attachment wp-att-3655\"><img decoding=\"async\" class=\"alignleft wp-image-3655 size-full\" src=\"https:\/\/seae-embu.org\/anterior\/seae\/wp-content\/uploads\/2015\/05\/importancia-transp-e1458440281935.png\" alt=\"importancia transp\" width=\"70\" height=\"62\" \/><\/a><a href=\"https:\/\/seae-embu.org\/anterior\/embu-das-artes\/apa-embu-verde\/importancia-da-apa\/\">A import\u00e2ncia da APA Embu Verde<\/a>:<\/strong>\u00a0aqui voc\u00ea descobre por que o\u00a0controle da\u00a0ocupa\u00e7\u00e3o e a preserva\u00e7\u00e3o dos recursos naturais \u00e9 importante pra todos.<\/p>\n<p>\u00a0<\/p>\n<p><strong><a href=\"https:\/\/seae-embu.org\/anterior\/seae\/wp-content\/uploads\/2015\/05\/diagnostico-transp-e1458440369108.png\" rel=\"attachment wp-att-3657\"><img decoding=\"async\" class=\"size-full wp-image-3657 alignleft\" src=\"https:\/\/seae-embu.org\/anterior\/seae\/wp-content\/uploads\/2015\/05\/diagnostico-transp-e1458440369108.png\" alt=\"diagnostico transp\" width=\"70\" height=\"70\" \/><\/a><a href=\"https:\/\/seae-embu.org\/anterior\/diagnostico-socioambiental-na-apa-embu-verde\/\">Diagn\u00f3stico Socioambiental da APA Embu Verde<\/a>:<\/strong> estudos realizados pelo Instituto Florestal, para mapear a regi\u00e3o com dados sobre a vegeta\u00e7\u00e3o e a vida.<\/p>\n<p>\u00a0<\/p>\n<p><strong><a href=\"https:\/\/seae-embu.org\/anterior\/seae\/wp-content\/uploads\/2015\/05\/lei-apa-transp-e1458440455357.png\" rel=\"attachment wp-att-3658\"><img decoding=\"async\" class=\"size-full wp-image-3658 alignleft\" src=\"https:\/\/seae-embu.org\/anterior\/seae\/wp-content\/uploads\/2015\/05\/lei-apa-transp-e1458440455357.png\" alt=\"lei apa transp\" width=\"70\" height=\"70\" \/><\/a><a href=\"https:\/\/leismunicipais.com.br\/a\/sp\/e\/embu-das-artes\/lei-complementar\/2008\/11\/108\/lei-complementar-n-108-2008-cria-a-unidade-de-conservacao-municipal-de-uso-sustentavel-area-de-protecao-ambiental-apa-embu-verde-e-da-outras-providencias?q=apa%20embu%20verde\">Lei de cria\u00e7\u00e3o da APA Embu Verde<\/a>:<\/strong>\u00a0o resultado de um ano de luta dos moradores da cidade, junto ao poder p\u00fablico, para proteger a \u00e1rea sob o apoio da lei.<\/p>\n<p>\u00a0<\/p>\n<p><strong><a href=\"https:\/\/seae-embu.org\/anterior\/seae\/wp-content\/uploads\/2015\/05\/plano-manejo-transp-e1458440604690.png\" rel=\"attachment wp-att-3656\"><img loading=\"lazy\" decoding=\"async\" class=\"size-full wp-image-3656 alignleft\" src=\"https:\/\/seae-embu.org\/anterior\/seae\/wp-content\/uploads\/2015\/05\/plano-manejo-transp-e1458440604690.png\" alt=\"plano manejo transp\" width=\"70\" height=\"70\" \/><\/a><a href=\"https:\/\/seae-embu.org\/anterior\/embu-das-artes\/apa-embu-verde\/plano-de-manejo-apa-embu-verde\/\">Especial Plano de Manejo da APA Embu Verde<\/a>:<\/strong>\u00a0 conhe\u00e7a a luta da comunidade embuense para que as defini\u00e7\u00f5es de atividades dentro da APA sejam sustent\u00e1veis e focadas na prote\u00e7\u00e3o ambiental.<\/p>\n<p>\u00a0<\/p>\n<p><strong><a href=\"https:\/\/seae-embu.org\/anterior\/seae\/wp-content\/uploads\/2015\/05\/revista-apa-transp-e1458440688574.png\" rel=\"attachment wp-att-3659\"><img loading=\"lazy\" decoding=\"async\" class=\"size-full wp-image-3659 alignleft\" src=\"https:\/\/seae-embu.org\/anterior\/seae\/wp-content\/uploads\/2015\/05\/revista-apa-transp-e1458440688574.png\" alt=\"revista apa transp\" width=\"70\" height=\"70\" \/><\/a><a href=\"https:\/\/seae-embu.org\/anterior\/wp-content\/uploads\/2020\/04\/Revista_SEAE_APA_EMBU_Completa.pdf\">Revista APA Embu Verde<\/a>:<\/strong>\u00a0dados do Diagn\u00f3stico transformados em apresenta\u00e7\u00e3o da APA Embu Verde, com linguagem acess\u00edvel para todos os p\u00fablicos.<\/p>\n\n\n<p><\/p>\n","protected":false},"excerpt":{"rendered":"<p>O que \u00e9 uma APA? APA (\u00c1rea de Prote\u00e7\u00e3o Ambiental) \u00e9 uma \u00e1rea em geral extensa, com certo grau de ocupa\u00e7\u00e3o humana, dotada de atributos abi\u00f3ticos, bi\u00f3ticos, est\u00e9ticos ou culturais especialmente importantes para a qualidade de vida e o bem-estar da popula\u00e7\u00e3o humana. Tem como objetivos b\u00e1sicos, proteger a diversidade biol\u00f3gica, disciplinar o processo de &hellip; <a href=\"https:\/\/seae-embu.org\/anterior\/embu-das-artes\/apa-embu-verde\/\" class=\"more-link\">Continue reading <span class=\"screen-reader-text\">APA Embu Verde<\/span><\/a><\/p>\n","protected":false},"author":1,"featured_media":0,"parent":2395,"menu_order":2,"comment_status":"closed","ping_status":"closed","template":"","meta":{"footnotes":""},"class_list":["post-2397","page","type-page","status-publish","hentry"],"_links":{"self":[{"href":"https:\/\/seae-embu.org\/anterior\/wp-json\/wp\/v2\/pages\/2397","targetHints":{"allow":["GET"]}}],"collection":[{"href":"https:\/\/seae-embu.org\/anterior\/wp-json\/wp\/v2\/pages"}],"about":[{"href":"https:\/\/seae-embu.org\/anterior\/wp-json\/wp\/v2\/types\/page"}],"author":[{"embeddable":true,"href":"https:\/\/seae-embu.org\/anterior\/wp-json\/wp\/v2\/users\/1"}],"replies":[{"embeddable":true,"href":"https:\/\/seae-embu.org\/anterior\/wp-json\/wp\/v2\/comments?post=2397"}],"version-history":[{"count":8,"href":"https:\/\/seae-embu.org\/anterior\/wp-json\/wp\/v2\/pages\/2397\/revisions"}],"predecessor-version":[{"id":10088,"href":"https:\/\/seae-embu.org\/anterior\/wp-json\/wp\/v2\/pages\/2397\/revisions\/10088"}],"up":[{"embeddable":true,"href":"https:\/\/seae-embu.org\/anterior\/wp-json\/wp\/v2\/pages\/2395"}],"wp:attachment":[{"href":"https:\/\/seae-embu.org\/anterior\/wp-json\/wp\/v2\/media?parent=2397"}],"curies":[{"name":"wp","href":"https:\/\/api.w.org\/{rel}","templated":true}]}}