{"id":12859,"date":"2021-11-23T01:30:21","date_gmt":"2021-11-23T01:30:21","guid":{"rendered":"https:\/\/seae-embu.org\/anterior\/?page_id=12859"},"modified":"2021-11-23T15:22:16","modified_gmt":"2021-11-23T15:22:16","slug":"denuncias-de-crimes-ambientais","status":"publish","type":"page","link":"https:\/\/seae-embu.org\/anterior\/denuncias-de-crimes-ambientais\/","title":{"rendered":"Den\u00fancias de Crimes Ambientais"},"content":{"rendered":"\t\t<div data-elementor-type=\"wp-page\" data-elementor-id=\"12859\" class=\"elementor elementor-12859\" data-elementor-settings=\"{&quot;ha_cmc_init_switcher&quot;:&quot;no&quot;}\">\n\t\t\t\t\t\t<section class=\"elementor-section elementor-top-section elementor-element elementor-element-dae38a7 elementor-section-boxed elementor-section-height-default elementor-section-height-default\" data-id=\"dae38a7\" data-element_type=\"section\" data-e-type=\"section\" data-settings=\"{&quot;_ha_eqh_enable&quot;:false}\">\n\t\t\t\t\t\t<div class=\"elementor-container elementor-column-gap-default\">\n\t\t\t\t\t<div class=\"elementor-column elementor-col-100 elementor-top-column elementor-element elementor-element-2013fc3\" data-id=\"2013fc3\" data-element_type=\"column\" data-e-type=\"column\">\n\t\t\t<div class=\"elementor-widget-wrap elementor-element-populated\">\n\t\t\t\t\t\t<div class=\"elementor-element elementor-element-0c71247 eael-dual-header-content-align-center elementor-widget elementor-widget-eael-dual-color-header\" data-id=\"0c71247\" data-element_type=\"widget\" data-e-type=\"widget\" data-widget_type=\"eael-dual-color-header.default\">\n\t\t\t\t<div class=\"elementor-widget-container\">\n\t\t\t\t\t\t\t\t<div class=\"eael-dual-header\">\n\t\t\t\t<h2 class=\"title eael-dch-title\"><span class=\"eael-dch-title-text eael-dch-title-lead lead solid-color\">Den\u00fancias<\/span> <span class=\"eael-dch-title-text\">de crimes ambientais<\/span><\/h2>\t\t\t\t\t<span class=\"subtext\"><h1>Entenda<\/h1><\/span>\n\t\t\t\t\t\t\t\t\t<span class=\"eael-dch-svg-icon\"><\/span>\t\t\t\t\t\t\t<\/div>\n\n\t\t\t\t\t\t<\/div>\n\t\t\t\t<\/div>\n\t\t\t\t\t<\/div>\n\t\t<\/div>\n\t\t\t\t\t<\/div>\n\t\t<\/section>\n\t\t\t\t<section class=\"elementor-section elementor-top-section elementor-element elementor-element-9fda150 elementor-section-boxed elementor-section-height-default elementor-section-height-default\" data-id=\"9fda150\" data-element_type=\"section\" data-e-type=\"section\" data-settings=\"{&quot;_ha_eqh_enable&quot;:false}\">\n\t\t\t\t\t\t<div class=\"elementor-container elementor-column-gap-default\">\n\t\t\t\t\t<div class=\"elementor-column elementor-col-100 elementor-top-column elementor-element elementor-element-ba21a65\" data-id=\"ba21a65\" data-element_type=\"column\" data-e-type=\"column\">\n\t\t\t<div class=\"elementor-widget-wrap\">\n\t\t\t\t\t\t\t<\/div>\n\t\t<\/div>\n\t\t\t\t\t<\/div>\n\t\t<\/section>\n\t\t\t\t<section class=\"elementor-section elementor-top-section elementor-element elementor-element-ed4b814 elementor-section-boxed elementor-section-height-default elementor-section-height-default\" data-id=\"ed4b814\" data-element_type=\"section\" data-e-type=\"section\" data-settings=\"{&quot;_ha_eqh_enable&quot;:false}\">\n\t\t\t\t\t\t<div class=\"elementor-container elementor-column-gap-default\">\n\t\t\t\t\t<div class=\"elementor-column elementor-col-100 elementor-top-column elementor-element elementor-element-3f85558\" data-id=\"3f85558\" data-element_type=\"column\" data-e-type=\"column\">\n\t\t\t<div class=\"elementor-widget-wrap elementor-element-populated\">\n\t\t\t\t\t\t<div class=\"elementor-element elementor-element-186b708 elementor-widget elementor-widget-spacer\" data-id=\"186b708\" data-element_type=\"widget\" data-e-type=\"widget\" data-widget_type=\"spacer.default\">\n\t\t\t\t<div class=\"elementor-widget-container\">\n\t\t\t\t\t\t\t<div class=\"elementor-spacer\">\n\t\t\t<div class=\"elementor-spacer-inner\"><\/div>\n\t\t<\/div>\n\t\t\t\t\t\t<\/div>\n\t\t\t\t<\/div>\n\t\t\t\t\t<\/div>\n\t\t<\/div>\n\t\t\t\t\t<\/div>\n\t\t<\/section>\n\t\t\t\t<section class=\"elementor-section elementor-top-section elementor-element elementor-element-c63f47f elementor-section-boxed elementor-section-height-default elementor-section-height-default\" data-id=\"c63f47f\" data-element_type=\"section\" data-e-type=\"section\" data-settings=\"{&quot;_ha_eqh_enable&quot;:false}\">\n\t\t\t\t\t\t<div class=\"elementor-container elementor-column-gap-default\">\n\t\t\t\t\t<div class=\"elementor-column elementor-col-100 elementor-top-column elementor-element elementor-element-7f51478\" data-id=\"7f51478\" data-element_type=\"column\" data-e-type=\"column\">\n\t\t\t<div class=\"elementor-widget-wrap\">\n\t\t\t\t\t\t\t<\/div>\n\t\t<\/div>\n\t\t\t\t\t<\/div>\n\t\t<\/section>\n\t\t\t\t<section class=\"elementor-section elementor-top-section elementor-element elementor-element-29a9fbc elementor-section-boxed elementor-section-height-default elementor-section-height-default\" data-id=\"29a9fbc\" data-element_type=\"section\" data-e-type=\"section\" data-settings=\"{&quot;_ha_eqh_enable&quot;:false}\">\n\t\t\t\t\t\t<div class=\"elementor-container elementor-column-gap-default\">\n\t\t\t\t\t<div class=\"elementor-column elementor-col-100 elementor-top-column elementor-element elementor-element-533aab5\" data-id=\"533aab5\" data-element_type=\"column\" data-e-type=\"column\">\n\t\t\t<div class=\"elementor-widget-wrap elementor-element-populated\">\n\t\t\t\t\t\t<div class=\"elementor-element elementor-element-3b90388 elementor-grid-eael-col-4 elementor-grid-tablet-eael-col-2 elementor-grid-mobile-eael-col-1 elementor-widget elementor-widget-eael-post-grid\" data-id=\"3b90388\" data-element_type=\"widget\" data-e-type=\"widget\" data-settings=\"{&quot;eael_post_grid_columns&quot;:&quot;eael-col-4&quot;,&quot;eael_post_grid_columns_tablet&quot;:&quot;eael-col-2&quot;,&quot;eael_post_grid_columns_mobile&quot;:&quot;eael-col-1&quot;}\" data-widget_type=\"eael-post-grid.default\">\n\t\t\t\t<div class=\"elementor-widget-container\">\n\t\t\t\t\t<div id=\"eael-post-grid-3b90388\" class=\"eael-post-grid-container\">\n            <div class=\"eael-post-grid eael-post-appender eael-post-appender-3b90388 eael-post-grid-style-one\" data-layout-mode=\"masonry\"><article class=\"eael-grid-post  eael-post-grid-column eael-pg-post-11252 category-denuncias-denuncias-crimes-ambientais\" data-id=\"11252\">\n        <div class=\"eael-grid-post-holder\">\n            <div class=\"eael-grid-post-holder-inner\"><div class=\"eael-entry-media\"><div class=\"eael-entry-overlay fade-in\"><i class=\"fas fa-long-arrow-alt-right\" aria-hidden=\"true\"><\/i><a href=\"https:\/\/seae-embu.org\/anterior\/denuncia-e-solicitacao-de-fiscalizacao-na-r-do-contorno-441-vila-real-moinho-velho\/\"><\/a><\/div><div class=\"eael-entry-thumbnail \">\n                <img decoding=\"async\" width=\"300\" height=\"145\" src=\"https:\/\/seae-embu.org\/anterior\/wp-content\/uploads\/2021\/02\/Imagem1-1-300x145.png\" class=\"attachment-medium size-medium wp-image-11253\" alt=\"\" srcset=\"https:\/\/seae-embu.org\/anterior\/wp-content\/uploads\/2021\/02\/Imagem1-1-300x145.png 300w, https:\/\/seae-embu.org\/anterior\/wp-content\/uploads\/2021\/02\/Imagem1-1.png 643w\" sizes=\"(max-width: 300px) 100vw, 300px\" \/>\n            <\/div>\n        <\/div><div class=\"eael-entry-wrapper\"><header class=\"eael-entry-header\"><h2 class=\"eael-entry-title\"><a class=\"eael-grid-post-link\" href=\"https:\/\/seae-embu.org\/anterior\/denuncia-e-solicitacao-de-fiscalizacao-na-r-do-contorno-441-vila-real-moinho-velho\/\" title=\"Den\u00fancia e solicita\u00e7\u00e3o de fiscaliza\u00e7\u00e3o na R. do Contorno, 441 &#8211; Vila Real Moinho Velho\">Den\u00fancia e solicita\u00e7\u00e3o de fiscaliza\u00e7\u00e3o na R. do Contorno, 441 &#8211; Vila Real Moinho Velho<\/a><\/h2><\/header><div class=\"eael-entry-content\">\n                        <div class=\"eael-grid-post-excerpt\"><p>Den\u00fancia de desmatamento de vegeta\u00e7\u00e3o nativa, remo\u00e7\u00e3o do sub bosque...<\/p><a href=\"https:\/\/seae-embu.org\/anterior\/denuncia-e-solicitacao-de-fiscalizacao-na-r-do-contorno-441-vila-real-moinho-velho\/\" class=\"eael-post-elements-readmore-btn\">Read More<\/a><\/div>\n                    <\/div><div class=\"eael-entry-footer\"><div class=\"eael-author-avatar\"><a href=\"https:\/\/seae-embu.org\/anterior\/author\/admin\/\"><img alt='admin' src='https:\/\/secure.gravatar.com\/avatar\/1fd7385f375ac100354356e626f6dbe5b357d2e27611152b9f9d0e0967b5b8ac?s=96&#038;d=mm&#038;r=g' srcset='https:\/\/secure.gravatar.com\/avatar\/1fd7385f375ac100354356e626f6dbe5b357d2e27611152b9f9d0e0967b5b8ac?s=192&#038;d=mm&#038;r=g 2x' class='avatar avatar-96 photo' height='96' width='96' \/><\/a><\/div><div class=\"eael-entry-meta\"><span class=\"eael-posted-by\"><a href=\"https:\/\/seae-embu.org\/anterior\/author\/admin\/\" title=\"Posts de admin\" rel=\"author\">admin<\/a><\/span><span class=\"eael-posted-on\"><time datetime=\"14\/12\/2020\">14\/12\/2020<\/time><\/span><\/div><\/div><\/div><\/div>\n        <\/div>\n    <\/article><article class=\"eael-grid-post  eael-post-grid-column eael-pg-post-11248 category-denuncias-denuncias-crimes-ambientais\" data-id=\"11248\">\n        <div class=\"eael-grid-post-holder\">\n            <div class=\"eael-grid-post-holder-inner\"><div class=\"eael-entry-media\"><div class=\"eael-entry-overlay fade-in\"><i class=\"fas fa-long-arrow-alt-right\" aria-hidden=\"true\"><\/i><a href=\"https:\/\/seae-embu.org\/anterior\/denuncia-e-solicitacao-de-fiscalizacao-em-loteamento-ilegal-na-rua-pedro-alves-caputera-cotia\/\"><\/a><\/div><div class=\"eael-entry-thumbnail \">\n                <img fetchpriority=\"high\" decoding=\"async\" width=\"300\" height=\"285\" src=\"https:\/\/seae-embu.org\/anterior\/wp-content\/uploads\/2021\/02\/Imagem1-4-300x285.jpg\" class=\"attachment-medium size-medium wp-image-11249\" alt=\"\" srcset=\"https:\/\/seae-embu.org\/anterior\/wp-content\/uploads\/2021\/02\/Imagem1-4-300x285.jpg 300w, https:\/\/seae-embu.org\/anterior\/wp-content\/uploads\/2021\/02\/Imagem1-4.jpg 643w\" sizes=\"(max-width: 300px) 100vw, 300px\" \/>\n            <\/div>\n        <\/div><div class=\"eael-entry-wrapper\"><header class=\"eael-entry-header\"><h2 class=\"eael-entry-title\"><a class=\"eael-grid-post-link\" href=\"https:\/\/seae-embu.org\/anterior\/denuncia-e-solicitacao-de-fiscalizacao-em-loteamento-ilegal-na-rua-pedro-alves-caputera-cotia\/\" title=\"Den\u00fancia e solicita\u00e7\u00e3o de fiscaliza\u00e7\u00e3o em loteamento ilegal na Rua Pedro Alves, Caputera, Cotia\">Den\u00fancia e solicita\u00e7\u00e3o de fiscaliza\u00e7\u00e3o em loteamento ilegal na Rua Pedro Alves, Caputera, Cotia<\/a><\/h2><\/header><div class=\"eael-entry-content\">\n                        <div class=\"eael-grid-post-excerpt\"><p>Denuncia de desmatamento de vegeta\u00e7\u00e3o nativa, remo\u00e7\u00e3o do sub bosque...<\/p><a href=\"https:\/\/seae-embu.org\/anterior\/denuncia-e-solicitacao-de-fiscalizacao-em-loteamento-ilegal-na-rua-pedro-alves-caputera-cotia\/\" class=\"eael-post-elements-readmore-btn\">Read More<\/a><\/div>\n                    <\/div><div class=\"eael-entry-footer\"><div class=\"eael-author-avatar\"><a href=\"https:\/\/seae-embu.org\/anterior\/author\/admin\/\"><img alt='admin' src='https:\/\/secure.gravatar.com\/avatar\/1fd7385f375ac100354356e626f6dbe5b357d2e27611152b9f9d0e0967b5b8ac?s=96&#038;d=mm&#038;r=g' srcset='https:\/\/secure.gravatar.com\/avatar\/1fd7385f375ac100354356e626f6dbe5b357d2e27611152b9f9d0e0967b5b8ac?s=192&#038;d=mm&#038;r=g 2x' class='avatar avatar-96 photo' height='96' width='96' \/><\/a><\/div><div class=\"eael-entry-meta\"><span class=\"eael-posted-by\"><a href=\"https:\/\/seae-embu.org\/anterior\/author\/admin\/\" title=\"Posts de admin\" rel=\"author\">admin<\/a><\/span><span class=\"eael-posted-on\"><time datetime=\"02\/12\/2020\">02\/12\/2020<\/time><\/span><\/div><\/div><\/div><\/div>\n        <\/div>\n    <\/article><article class=\"eael-grid-post  eael-post-grid-column eael-pg-post-11244 category-denuncias-denuncias-crimes-ambientais\" data-id=\"11244\">\n        <div class=\"eael-grid-post-holder\">\n            <div class=\"eael-grid-post-holder-inner\"><div class=\"eael-entry-media\"><div class=\"eael-entry-overlay fade-in\"><i class=\"fas fa-long-arrow-alt-right\" aria-hidden=\"true\"><\/i><a href=\"https:\/\/seae-embu.org\/anterior\/denuncia-de-invasao-de-area-particular-e-queimadas-na-rua-santa-rita-de-cassia-santo-antonio\/\"><\/a><\/div><div class=\"eael-entry-thumbnail \">\n                <img decoding=\"async\" width=\"300\" height=\"225\" src=\"https:\/\/seae-embu.org\/anterior\/wp-content\/uploads\/2021\/02\/Imagem1-3-300x225.jpg\" class=\"attachment-medium size-medium wp-image-11246\" alt=\"\" srcset=\"https:\/\/seae-embu.org\/anterior\/wp-content\/uploads\/2021\/02\/Imagem1-3-300x225.jpg 300w, https:\/\/seae-embu.org\/anterior\/wp-content\/uploads\/2021\/02\/Imagem1-3.jpg 560w\" sizes=\"(max-width: 300px) 100vw, 300px\" \/>\n            <\/div>\n        <\/div><div class=\"eael-entry-wrapper\"><header class=\"eael-entry-header\"><h2 class=\"eael-entry-title\"><a class=\"eael-grid-post-link\" href=\"https:\/\/seae-embu.org\/anterior\/denuncia-de-invasao-de-area-particular-e-queimadas-na-rua-santa-rita-de-cassia-santo-antonio\/\" title=\"Den\u00fancia de invas\u00e3o de \u00e1rea particular e queimadas na rua Santa Rita de Cassia, Santo Ant\u00f4nio\">Den\u00fancia de invas\u00e3o de \u00e1rea particular e queimadas na rua Santa Rita de Cassia, Santo Ant\u00f4nio<\/a><\/h2><\/header><div class=\"eael-entry-content\">\n                        <div class=\"eael-grid-post-excerpt\"><p>Denuncia referente \u00e0 invas\u00e3o e queimadas frequentes da vegeta\u00e7\u00e3o nativa,...<\/p><a href=\"https:\/\/seae-embu.org\/anterior\/denuncia-de-invasao-de-area-particular-e-queimadas-na-rua-santa-rita-de-cassia-santo-antonio\/\" class=\"eael-post-elements-readmore-btn\">Read More<\/a><\/div>\n                    <\/div><div class=\"eael-entry-footer\"><div class=\"eael-author-avatar\"><a href=\"https:\/\/seae-embu.org\/anterior\/author\/admin\/\"><img alt='admin' src='https:\/\/secure.gravatar.com\/avatar\/1fd7385f375ac100354356e626f6dbe5b357d2e27611152b9f9d0e0967b5b8ac?s=96&#038;d=mm&#038;r=g' srcset='https:\/\/secure.gravatar.com\/avatar\/1fd7385f375ac100354356e626f6dbe5b357d2e27611152b9f9d0e0967b5b8ac?s=192&#038;d=mm&#038;r=g 2x' class='avatar avatar-96 photo' height='96' width='96' \/><\/a><\/div><div class=\"eael-entry-meta\"><span class=\"eael-posted-by\"><a href=\"https:\/\/seae-embu.org\/anterior\/author\/admin\/\" title=\"Posts de admin\" rel=\"author\">admin<\/a><\/span><span class=\"eael-posted-on\"><time datetime=\"11\/11\/2020\">11\/11\/2020<\/time><\/span><\/div><\/div><\/div><\/div>\n        <\/div>\n    <\/article><article class=\"eael-grid-post  eael-post-grid-column eael-pg-post-11240 category-denuncias-denuncias-crimes-ambientais\" data-id=\"11240\">\n        <div class=\"eael-grid-post-holder\">\n            <div class=\"eael-grid-post-holder-inner\"><div class=\"eael-entry-media\"><div class=\"eael-entry-overlay fade-in\"><i class=\"fas fa-long-arrow-alt-right\" aria-hidden=\"true\"><\/i><a href=\"https:\/\/seae-embu.org\/anterior\/denuncia-de-supressao-de-vegetacao-na-estrada-p-votorantim\/\"><\/a><\/div><div class=\"eael-entry-thumbnail \">\n                <img loading=\"lazy\" decoding=\"async\" width=\"300\" height=\"169\" src=\"https:\/\/seae-embu.org\/anterior\/wp-content\/uploads\/2021\/02\/Imagem1-2-300x169.jpg\" class=\"attachment-medium size-medium wp-image-11242\" alt=\"\" srcset=\"https:\/\/seae-embu.org\/anterior\/wp-content\/uploads\/2021\/02\/Imagem1-2-300x169.jpg 300w, https:\/\/seae-embu.org\/anterior\/wp-content\/uploads\/2021\/02\/Imagem1-2.jpg 560w\" sizes=\"(max-width: 300px) 100vw, 300px\" \/>\n            <\/div>\n        <\/div><div class=\"eael-entry-wrapper\"><header class=\"eael-entry-header\"><h2 class=\"eael-entry-title\"><a class=\"eael-grid-post-link\" href=\"https:\/\/seae-embu.org\/anterior\/denuncia-de-supressao-de-vegetacao-na-estrada-p-votorantim\/\" title=\"Den\u00fancia de supress\u00e3o de vegeta\u00e7\u00e3o na Estrada p\/ Votorantim\">Den\u00fancia de supress\u00e3o de vegeta\u00e7\u00e3o na Estrada p\/ Votorantim<\/a><\/h2><\/header><div class=\"eael-entry-content\">\n                        <div class=\"eael-grid-post-excerpt\"><p>Denuncia de supress\u00e3o de vegeta\u00e7\u00e3o nativa atrav\u00e9s de bosqueamento e...<\/p><a href=\"https:\/\/seae-embu.org\/anterior\/denuncia-de-supressao-de-vegetacao-na-estrada-p-votorantim\/\" class=\"eael-post-elements-readmore-btn\">Read More<\/a><\/div>\n                    <\/div><div class=\"eael-entry-footer\"><div class=\"eael-author-avatar\"><a href=\"https:\/\/seae-embu.org\/anterior\/author\/admin\/\"><img alt='admin' src='https:\/\/secure.gravatar.com\/avatar\/1fd7385f375ac100354356e626f6dbe5b357d2e27611152b9f9d0e0967b5b8ac?s=96&#038;d=mm&#038;r=g' srcset='https:\/\/secure.gravatar.com\/avatar\/1fd7385f375ac100354356e626f6dbe5b357d2e27611152b9f9d0e0967b5b8ac?s=192&#038;d=mm&#038;r=g 2x' class='avatar avatar-96 photo' height='96' width='96' \/><\/a><\/div><div class=\"eael-entry-meta\"><span class=\"eael-posted-by\"><a href=\"https:\/\/seae-embu.org\/anterior\/author\/admin\/\" title=\"Posts de admin\" rel=\"author\">admin<\/a><\/span><span class=\"eael-posted-on\"><time datetime=\"23\/10\/2020\">23\/10\/2020<\/time><\/span><\/div><\/div><\/div><\/div>\n        <\/div>\n    <\/article><\/div>\n            <div class=\"clearfix\"><\/div>\n        <\/div>            <div class=\"eael-load-more-button-wrap eael-force-hide\">\n                <button class=\"eael-load-more-button\" id=\"eael-load-more-btn-3b90388\" data-widget-id=\"3b90388\" data-widget=\"3b90388\" data-page-id=\"12859\" data-template=\"{&quot;dir&quot;:&quot;lite&quot;,&quot;file_name&quot;:&quot;one.php&quot;,&quot;name&quot;:&quot;Post-Grid&quot;}\" data-class=\"Essential_Addons_Elementor\\Elements\\Post_Grid\" data-layout=\"masonry\" data-page=\"1\" data-args=\"orderby=date&amp;order=desc&amp;ignore_sticky_posts=1&amp;post_status=publish&amp;posts_per_page=4&amp;offset=0&amp;post_type=post&amp;tax_query%5B0%5D%5Btaxonomy%5D=category&amp;tax_query%5B0%5D%5Bfield%5D=term_id&amp;tax_query%5B0%5D%5Bterms%5D%5B0%5D=58&amp;tax_query%5Brelation%5D=AND\" data-max-page=\"25\">\n                    <span class=\"eael-btn-loader button__loader\"><\/span>\n                    <span class=\"eael_load_more_text\">Load More<\/span>\n                <\/button>\n            <\/div>\n            \t\t\t\t<\/div>\n\t\t\t\t<\/div>\n\t\t\t\t\t<\/div>\n\t\t<\/div>\n\t\t\t\t\t<\/div>\n\t\t<\/section>\n\t\t\t\t<\/div>\n\t\t","protected":false},"excerpt":{"rendered":"<p>Den\u00fancias de crimes ambientais Entenda A SEAE recebe den\u00fancias de crimes ambientais, orienta a comunidade como e onde denunciar e solicitar fiscaliza\u00e7\u00e3o, tanto por informa\u00e7\u00f5es via e-mail, telefone e redes sociais. \u00a0 Em alguns casos, a SEAE \u00e0s formaliza, por meio de of\u00edcios, juntos aos \u00f3rg\u00e3os fiscalizadores, como: CETESB, Pol\u00edcia Militar Ambiental, Pol\u00edcia Civil Ambiental, &hellip; <a href=\"https:\/\/seae-embu.org\/anterior\/denuncia-de-supressao-de-vegetacao-na-estrada-p-votorantim\/\" class=\"more-link\">Continue reading <span class=\"screen-reader-text\">Den\u00fancia de supress\u00e3o de vegeta\u00e7\u00e3o na Estrada p\/ Votorantim<\/span><\/a><\/p>\n","protected":false},"author":1,"featured_media":0,"parent":0,"menu_order":0,"comment_status":"closed","ping_status":"closed","template":"elementor_header_footer","meta":{"footnotes":""},"class_list":["post-12859","page","type-page","status-publish","hentry"],"_links":{"self":[{"href":"https:\/\/seae-embu.org\/anterior\/wp-json\/wp\/v2\/pages\/12859","targetHints":{"allow":["GET"]}}],"collection":[{"href":"https:\/\/seae-embu.org\/anterior\/wp-json\/wp\/v2\/pages"}],"about":[{"href":"https:\/\/seae-embu.org\/anterior\/wp-json\/wp\/v2\/types\/page"}],"author":[{"embeddable":true,"href":"https:\/\/seae-embu.org\/anterior\/wp-json\/wp\/v2\/users\/1"}],"replies":[{"embeddable":true,"href":"https:\/\/seae-embu.org\/anterior\/wp-json\/wp\/v2\/comments?post=12859"}],"version-history":[{"count":10,"href":"https:\/\/seae-embu.org\/anterior\/wp-json\/wp\/v2\/pages\/12859\/revisions"}],"predecessor-version":[{"id":12872,"href":"https:\/\/seae-embu.org\/anterior\/wp-json\/wp\/v2\/pages\/12859\/revisions\/12872"}],"wp:attachment":[{"href":"https:\/\/seae-embu.org\/anterior\/wp-json\/wp\/v2\/media?parent=12859"}],"curies":[{"name":"wp","href":"https:\/\/api.w.org\/{rel}","templated":true}]}}